 derivative of 3*v**2 - 12*v + 5. Let w be s(3). Give j(w).
18
Suppose -n + 6 = 1. Let q(w) = -w**2 + 5*w + 2. Let a(o) = -o. Let r(i) = -a(i) - q(i). What is r(n)?
3
Suppose -3*w + w + 19 = -5*b, 4*w + 4*b - 24 = 0. Suppose 2*q = -w*q - 9. Let c(j) = -j - 5*j + 2*j. What is c(q)?
4
Let u = -6 + 10. Let x(v) = -v**2 - u*v - 12 + 5 + 5. Give x(-3).
1
Suppose g - 2 = 4*b - 0, 5*b - 22 = 3*g. Let m(j) = -j**3 - 12*j**2 + 28*j - 5. Let i be m(g). Let q(k) = -6*k - 2 - k**2 + 2. Determine q(i).
5
Let n(w) = -3*w - w + 0*w + 4 - 3*w. Let x be n(-2). Let g = x - 11. Let z(t) = t - 7. Determine z(g).
0
Let x(t) = -2*t - 6. Let m be 2*(-3)/(-9)*3/1. Let f(v) = -9*v + 11. Let b be f(m). What is x(b)?
8
Let z(g) = 5*g - 67*g**2 + 68*g**2 - 29 - 25 + 57. Determine z(-2).
-3
Let s(t) = -5*t + 5. Let c(a) = -6*a + 5. Let f = 103 - 107. Let n(d) = f*c(d) + 5*s(d). Give n(0).
5
Let t(q) = q**2 - q. Let m(i) = -5*i**2 + 5*i + 3. Let j(d) = -m(d) - 6*t(d). Determine j(2).
-5
Let z(s) = -5*s - 23. Let v(i) = 11*i + 55. Let h(t) = 3*v(t) + 7*z(t). Let b(g) = -g - 1. Let r be b(-4). Determine h(r).
-2
Let k = 82 + -76. Let z(p) = -3*p + 6. What is z(k)?
-12
Let y be 3*(2/6)/1. Let a(c) = 10*c**3 - 4*c**2 + 2*c - 3. Let n(m) = -31*m**3 + 13*m**2 - 7*m + 11. Let z(x) = -7*a(x) - 2*n(x). Calculate z(y).
-7
Let c(i) = 31*i**2 - 2*i + 1. Let j be 2 + 30/(-3) - -9. Give c(j).
30
Let z(s) be the first derivative of 21 + s**2 - 1/4*s**4 + 6*s - 5/3*s**3. What is z(-5)?
-4
Let z(v) = -v**3 - 8*v**2 - 6*v + 9. Let i be z(-7). Let n = -10 + 23. Let m(o) = -n - o + 16 + i*o. What is m(-3)?
0
Let h(m) = -33*m**3 + 5*m**2 + 6*m + 13. Let b(q) = -36*q**3 + 6*q**2 + 7*q + 15. Let o(a) = 6*b(a) - 7*h(a). Give o(-1).
-15
Let f(p) = p**3 + 9*p**2 - 5*p - 4. Let a(u) = -u**2 + u. Let t(q) = 5*a(q) + f(q). Suppose -5*m + 3*s = -3*m + 2, s = m + 2. What is t(m)?
-4
Let b = 6 - -14. Let z(a) = -b + 5*a + 42 - 23. What is z(-1)?
-6
Let t be (-2)/(-2) - (2 - 3). Suppose -6*w = 5*v - t*w - 46, -5*v = -5*w - 10. Let c be ((-2)/(-2))/((-1)/v). Let u(a) = -a**2 - 3*a + 7. What is u(c)?
-11
Let y be (-3 + 1 - -1) + 2 + 1. Let i(b) = -y*b + 1 - b + 9*b + 2*b**2 - 3*b**2. What is i(5)?
6
Let l(x) = x**2 - 7*x. Let k be l(7). Let h(y) = k - 10*y + 5*y - 5 + y**2. Let q be (-6)/(-9)*30/4. Determine h(q).
-5
Let r = 48 + -43. Suppose q - 4 = 0, 0*m - 2*m + 5*q = 10. Suppose 0 = -r*j - 10 - m, 5*c = -5*j - 25. Let s(k) = 2*k. Give s(c).
-4
Let j(a) be the second derivative of a**6/120 - 7*a**5/60 + a**4/8 + 7*a**3/6 - 10*a**2 + 2*a. Let y(h) be the first derivative of j(h). Calculate y(6).
-11
Let q(h) = h**3 - 7*h**2 + 5*h + 3. Suppose -54 = -2*v - 3*a - 0*a, -4*v - 5*a + 108 = 0. Suppose -g = -9*n + 6*n - 3, 5*g - v = 3*n. Give q(g).
-3
Let c = -15 + 16. Let r(l) = l**2 - l. Let y(t) = -5*t**2 + 7*t - 1. Let w(x) = c*y(x) + 4*r(x). Give w(2).
1
Let p be 5 + (2*1)/(-2). Let q = 36 + -29. Let r(b) = -10*b**2 + 6*b + 10. Let l(y) = -7*y**2 + 4*y + 7. Let g(m) = q*l(m) - 5*r(m). Calculate g(p).
7
Suppose 4*o - 4 = 4*s, -4*s - 4 = -3*o - 2. Suppose 2*k + 5 = k, -o*k = 4*l + 38. Let m(i) = -i**2 - 5*i + 10. Give m(l).
-4
Let s(x) = -4*x**3 + 2*x**2 - x + 3. Let w(u) = 6*u**3 - 5*u**2 + 2*u - 7. Let a(v) = 7*s(v) + 3*w(v). Determine a(-1).
10
Let o = -47 - -43. Let v(s) = -4 - 2*s + 2*s**2 - 7*s**2 + 2*s**3 - 3*s**3 + 0*s**2. Determine v(o).
-12
Let b(t) = t**3 - 3*t**2 - 2*t. Suppose s + 4 - 35 = 0. Suppose -j - w + 1 = -4*j, 3*j = -5*w - s. Calculate b(j).
-16
Let y(g) be the third derivative of g**4/12 - 4*g**3/3 - 366*g**2. Suppose 3*i + 2*i = 35. Determine y(i).
6
Let v(n) = -6*n - 4. Suppose -o + 30 = -6*o. Let p(b) = -7*b - 5. Let i(m) = o*v(m) + 5*p(m). Calculate i(-7).
-8
Let k(o) be the first derivative of -o**4/4 - 10*o**3/3 - 7*o**2/2 + 5*o - 6. Calculate k(-9).
-13
Let s(z) = z**2 - 4*z - 1. Let j = -17 + 17. Suppose 3*c - 4*k + 29 = j, -3*k - 2 = -8. Let v be (-8*1)/(c - -5). Determine s(v).
-1
Let j(c) be the second derivative of -c**7/840 + c**6/72 - c**5/60 - c**4/12 - c**3/3 + 12*c. Let z(u) be the second derivative of j(u). Calculate z(4).
6
Let d = 2 + 23. Let c = 20 - d. Let i(l) = 4 + l**2 - 3 + 5*l - 4. What is i(c)?
-3
Let p = 33 - 25. Suppose -6 = 3*g + y, -3*g + p*g = 3*y + 4. Let i(d) = -20*d + 7. Let h(l) = 10*l - 3. Let f(o) = -5*h(o) - 2*i(o). Give f(g).
11
Let p(f) = f + 2. Let n = -31 + -13. Let i(k) = 13*k + 22. Let w(o) = n*p(o) + 4*i(o). Determine w(1).
8
Let i(m) = -m**3 - m**2 + 2*m + 2. Let n(v) = v**3 + v**2 - 3*v - 2. Let r be (-1)/(26/6 + -4). Let g(y) = r*i(y) - 2*n(y). What is g(-2)?
-6
Let f(o) = -o**3 - 3*o**2 + 4*o + 2. Let d(m) = 0*m - 9 - 3*m - 17 + 5*m. Let c = 127 - 116. Let v be d(c). Calculate f(v).
2
Let s(i) = -27*i - i**3 - 5315 + 12*i**2 + 10621 - 5310. What is s(9)?
-4
Let l(k) = -39 - 1838*k + 1836*k + 17. Calculate l(-10).
-2
Let k(j) = j**3 - 7*j**2 - 7*j - 6. Let o be k(8). Let q(v) = -v**o - 3 + 3 - 1 + 5 + 4*v. Determine q(3).
7
Let l(f) = 11*f**2 - 13*f + 15. Let u(z) = -2*z**2 + 2*z - 1. Let s(g) = l(g) + 6*u(g). Calculate s(-4).
-3
Suppose 12 = -11*w + 14*w. Let p(n) = -3*n**2 - n + 9. Let b(i) = 2*i**2 + 2*i - 8. Let z(f) = w*b(f) + 3*p(f). What is z(4)?
-1
Let s = 55 + -51. Suppose -p - s*p = 2*q - 13, -5*q + 21 = p. Let j(h) = 7*h - 1. Calculate j(p).
6
Let k(t) = 2 + 4*t - 5*t + 3*t**2 - 2*t. Let s(b) = -b**2. Let h(j) = k(j) + 4*s(j). Let z be (9/(-6))/(145/(-40) + 4). Give h(z).
-2
Let c(d) be the third derivative of 7/60*d**5 + 0*d - 1/3*d**4 + 0 + 4/3*d**3 - 1/120*d**6 + d**2. Suppose -78 = 2*j - 15*j. Determine c(j).
-4
Let x(v) = v**2 - 631 + v + 1267 - 637 - 4*v**3. Let r be ((-12)/(-3) + -5)*-1. Determine x(r).
-3
Let q(v) be the third derivative of 13*v**6/120 + v**5/30 - v**4/24 - 21*v**2 - 1. Give q(1).
14
Let q(g) = -5*g**3 + g**2 - g - 5. Let i(w) = w**3. Let a(v) = -6*i(v) - q(v). Let k(o) = -o**3 - 9*o**2 - 6*o - 3. Let j be k(-8). Let p = 19 + j. Give a(p).
5
Let j(f) = 3*f**3 - f**2 + f + 1. Suppose 9*v = 7 - 16. What is j(v)?
-4
Let x(m) = -4*m - 15. Let i be x(-6). Let o(w) = -4 + 11 + w + i - 2*w. Give o(0).
16
Suppose 2*c + 5*f + 50 = 0, 5*c - f + 4*f + 106 = 0. Let n be c/6 + 33/(-9) + 3. Let j(a) = -a**2 - 2*a + 5. What is j(n)?
-3
Let o(n) = -4 - 6 + 7 - 3*n**2 + 4*n + 0*n**2. Give o(2).
-7
Let h(b) = -b**2 - 2*b + 5. Let n be 2/2 + (1/(-1) - 0). Suppose 0 = 3*x - s - 4*s + 22, 2*x + 5*s - 2 = n. Determine h(x).
-3
Suppose -32 = 30*t + 118. Let q(n) = -n**3 - 6*n**2 - 5*n - 3. What is q(t)?
-3
Let s(z) = 12*z**3 - 5*z**2 + 13*z - 1. Let c(j) = 5*j**3 - 2*j**2 + 6*j. Let h(u) = -7*c(u) + 3*s(u). Give h(-2).
-9
Let i(m) be the third derivative of m**5/60 + 5*m**4/24 + 4*m**3/3 - 403*m**2. Give i(-7).
22
Let z(n) = n**3 - 3*n**2 - 4*n - 1. Suppose -y = -0*y - 3. Let u = y + 5. Let c = u - 4. Determine z(c).
-1
Let o(w) = 0*w + 0*w - 96 + w - w**3 + 2*w**3 + 100 + 9*w**2. What is o(-9)?
-5
Let s(z) = 2*z**3 - 2*z**2 + 5*z - 9. Let d be 46/69*(2 + 2 - 1). Determine s(d).
9
Let y(m) = m**2 + 26*m + 34. Let i be y(-25). Let w(d) = d**2 - 14*d + 13. Determine w(i).
-32
Let n(u) be the second derivative of -12*u - 1/120*u**6 - 1/120*u**5 - 5/12*u**4 + 0*u**2 + 0 + 0*u**3. Let x(p) be the third derivative of n(p). What is x(-1)?
5
Let p(k) = k + 4. Let j be 9/21 + (-261)/21. Let b(z) = z**2 + z + 1. Let w(u) = 5*u**2 + 17*u + 11. Let r(d) = -4*b(d) + w(d). Let y be r(j). Determine p(y).
-1
Let f(z) = -6*z**2 - 19*z + 17. Let u(n) = n**2 + 4*n - 3. Let v(i) = 2*f(i) + 11*u(i). What is v(3)?
10
Let y(i) = -18 + 11*i - i**2 - 77 + 103. Determine y(10).
18
Suppose 0 = -11*o + 75 - 20. Let j(y) = o + 8 + y - 5. Determine j(-6).
2
Let v(o) = 4*o + 17. Let g(d) = 12*d + 50. Let x(i) = 3*g(i) - 8*v(i). Let r be x(-5). Let p(l) = -l - 8. What is p(r)?
-2
Let a(b) = -b - 862 + 1743 - 865. Determine a(10).
6
Let l(h) = 2*h + 18 + 6 + 0*h + 1. Give l(-14).
-3
Let p = -2 - -1. Let v(y) = -25*y + 7*y + 7*y + 12*y - 2*y**2 - 7*y**2. Calculate v(p).
-10
Let x(a) = 19*a**2 - 34*a**2 + 17*a**2. Let q(g) = g + 12. Let j be q(-9). Let m be j*1/3*1. What is x(m)?
2
Let u(t) = t**2 + 7*t - 3. Let k = 15 - 12. Let v(x) = x**3 - 7 + k*x + x**2 - 2*x - 2*x**3. Let n be v(0). Give u(n).
-3
Let l(v) = v**3 + 5*v**2 - 8*v - 2. Suppose -3*z = -5